 Let a be q(-3). What is the remainder when d(a) is divided by 11?
8
Suppose 3*n + 5*a = 449, -a - 160 - 135 = -2*n. Let z = n - 80. Calculate the remainder when z is divided by 23.
22
Suppose -2*q = 1 - 9. Suppose o = -5*g + 205, 2*g - q*o = 6*g - 164. What is the remainder when g is divided by 14?
13
Let t = -32 + 45. What is the remainder when 50 is divided by t?
11
What is the remainder when (-2)/(-3)*2/(-4)*-771 is divided by 13?
10
Let m = 9 - 6. Suppose -3*i + 147 = m*l - 5*i, 2*l + 2*i - 88 = 0. Calculate the remainder when l is divided by (6/(-4))/((-3)/32).
15
Suppose 3*m = 2*m + 7. What is the remainder when 15 + (-2)/(-4)*-6 is divided by m?
5
Let t(k) = -4*k + 3. Calculate the remainder when (-342)/(-8) - (-1)/4 is divided by t(-3).
13
Suppose 7*s - 984 = -109. Calculate the remainder when s is divided by 32.
29
Let x(i) = -i**3 - 27*i**2 - i - 9. What is the remainder when (-172)/(-5) + 4/(-10) is divided by x(-27)?
16
Let k = 101 + -86. Calculate the remainder when 19 is divided by k.
4
Let d(p) = -p**3 + p**2 + 47. Let k be 7/(-1) + 2/(-2). Let f be k/36 - 2/(-9). What is the remainder when d(f) is divided by 16?
15
Let u(a) = 20*a - 37. Calculate the remainder when u(4) is divided by 11.
10
Let z(x) = -6*x - 4. Suppose -5*i + 20 = 0, -3*j + 5*i = 6 + 17. Let q be 1/(j*1/6). Calculate the remainder when z(q) is divided by 11.
10
Suppose 5*h + l = 120, -h - 3*l - 48 = -3*h. Let r = 36 + -10. Suppose x = -x + r. Calculate the remainder when h is divided by x.
11
Suppose 2*u + 7*l = 2*l + 13, -56 = -4*u - 4*l. Let w = 2 + 0. Calculate the remainder when u is divided by (60/(-21))/(w/(-7)).
9
Let s = 5 + -1. Suppose 34 = j + s*n, -2*n - 88 = -4*j - 6*n. Suppose -5*x = -109 + 59. What is the remainder when j is divided by x?
8
Suppose -3*s + 348 = 9*s. What is the remainder when 114 is divided by s?
27
Let m = -9 + 9. Let n be ((-18)/21 - m)*-21. Suppose 2*i + n = 4*i. What is the remainder when i is divided by 6?
3
Let w(j) = -5 + 0*j + j - 5*j + j**2. Let s be w(5). Suppose -10 = 2*q + 3*a, -14 = 2*q - s*a + 4*a. What is the remainder when 1 is divided by q?
0
Let m(o) = -10*o - 3. Let p = 113 + -103. What is the remainder when m(-4) is divided by p?
7
Let u(o) be the third derivative of -o**6/40 - o**5/30 + o**4/24 - o**3/3 - 2*o**2. What is the remainder when u(-3) is divided by 15?
13
Suppose l - 45 = -4*l. Let z(m) = -11*m**3 + m + 1. What is the remainder when (-6)/(-2)*60/l is divided by z(-1)?
9
Let p = -1 + 6. Suppose 5 = -3*o + 2*c + 28, 0 = p*o + c - 47. What is the remainder when 35 is divided by o?
8
Suppose 5*m - 5*o - 305 = 0, -3*o = 4*m + m - 313. Calculate the remainder when m is divided by 16.
14
Let b(q) = -q**2 - q + 4. Let r be b(0). Suppose w - r = 15. What is the remainder when (4/6)/((-3)/(-162)) is divided by w?
17
Let p = 4 + -2. Let w be 1/(-2 + -1 + p). Calculate the remainder when (-1)/w*(37 + -6) is divided by 16.
15
Let z(x) = -x**3 + 8*x**2 - 11*x - 1. Suppose 14 = -3*b + 4*l - 17, 3*l + 19 = -b. Let c = 1 - b. What is the remainder when c is divided by z(6)?
4
Suppose -2*s - 2*n + 3*n = -40, s = -3*n + 20. What is the remainder when 351/6 - 2/(-4) is divided by s?
19
Let d = 7 - -18. Calculate the remainder when d is divided by 9/12 + 66/8.
7
Let t(i) = i**2 + i. Suppose y + 4*k + 19 = 0, 32 = -3*y - y - 5*k. Calculate the remainder when t(-2) is divided by y/((-3)/2 + 0).
0
Let n(x) = 4*x + 18. What is the remainder when n(0) is divided by 3?
0
Let p(w) = 5*w**3 + 1. Let l = 3 - 2. What is the remainder when (10*l)/(3 - 2) is divided by p(1)?
4
Calculate the remainder when 138 is divided by 5 - 6/(6/(-23)).
26
What is the remainder when 1/(-6) + 1770/36 is divided by 17?
15
Let k = -19 + 41. Let r = -1 + 1. Let p(u) = u**2 - u + 42. What is the remainder when p(r) is divided by k?
20
Suppose 0 = l + 2*l - 30. Calculate the remainder when 57 is divided by l.
7
Suppose 3*d = h - 5*h + 27, -3*h + 2*d - 1 = 0. What is the remainder when h is divided by 1?
0
Suppose -20 = -3*f + 1. Calculate the remainder when f is divided by 4.
3
Calculate the remainder when (52/(-39))/(2/(-36)) is divided by 10.
4
Suppose -17 = -4*h + 3*k, -3*k - 1 = 5*h - h. Suppose -18 = -73*r + 67*r. Calculate the remainder when r is divided by h.
1
Suppose 0 = -3*s - 2*a + 6*a + 38, 0 = 2*s + 3*a + 3. What is the remainder when (-1)/2 - (-345)/s is divided by 15?
12
Let j(d) = 13*d - 25. Calculate the remainder when 133 is divided by j(4).
25
Suppose 0*o - s = o - 58, 3*s = o - 62. What is the remainder when o is divided by 15?
14
What is the remainder when (-2*1)/(2/(-19)) is divided by (-10)/165*-3 - (-75)/11?
5
Suppose 3*u + u + 5*k = 1, -25 = -4*u + 3*k. Suppose 4*h = u*v - 152, -2*h - 2*h + 13 = v. Calculate the remainder when v is divided by 17.
16
Let q = -2 + -3. Let r = -3 - q. Suppose -r*h - 2 = -68. Calculate the remainder when h is divided by 17.
16
Let b(h) = -h + 15. What is the remainder when b(-13) is divided by 22?
6
Let k(w) = -12*w + 1. Let a be 2 - 4 - (-3 + 1). Suppose -5*u - 29 = -3*n, a = n - 7*u + 3*u - 5. Calculate the remainder when k(-2) is divided by n.
12
Let o(l) = 3*l**2 - 11 - 7*l + 3 - 2*l**2 + l. Calculate the remainder when o(10) is divided by 11.
10
Suppose -54*d + 57*d = 78. Let b(y) = y**2 + y - 1. Let c be b(-3). Suppose -c*o = 2*g - 3, -3*o - 2 - 7 = 0. Calculate the remainder when d is divided by g.
8
Suppose -2*o = -3*o - 2*p - 2, -3 = 2*o + 3*p. Suppose 13 + 35 = 4*q - 3*k, -3*q - 5*k + 36 = o. Calculate the remainder when 33 is divided by q.
9
Let g = 48 - -24. Let d = g - 49. Calculate the remainder when 90 is divided by d.
21
Suppose 0 = -3*p + 3 + 21. What is the remainder when 30 is divided by p?
6
Calculate the remainder when 38 is divided by 3/2*52/6.
12
Suppose 4*i = -0*i + 28. Calculate the remainder when -1 - (-1)/(1/21) is divided by i.
6
Let r = -46 - -74. Calculate the remainder when r is divided by 8.
4
Let a = -4 - -13. Let g = a + -6. Suppose -4*z + g*s + 14 - 1 = 0, 0 = 3*z - 5*s - 18. Calculate the remainder when 2 is divided by z.
0
Let q = 6 + -6. Suppose q = -4*g - v + 19, -v - 2 + 9 = g. What is the remainder when 7 is divided by g?
3
Let t(z) = -z - 8. Let f(h) = -1. Let l(q) = 6*f(q) - t(q). Suppose -5*x + 9 + 1 = 0. What is the remainder when l(2) is divided by x?
0
Suppose 0 = -l - 0*p + 5*p - 12, 4*l - 3*p - 37 = 0. Let h(f) = 7*f**3 + f**2 - 2*f + 1. Calculate the remainder when l is divided by h(1).
6
Let m = -40 + 60. What is the remainder when (-42)/(-105) - (-293)/5 is divided by m?
19
Let j(g) = 11*g - 5. Let u(q) = -q**3 - 3*q**2 + 4*q + 4. Let d be u(-4). Calculate the remainder when j(d) is divided by 14.
11
Let q be 2/4 + (-138)/12. Let u = 15 - 3. Calculate the remainder when u is divided by (-6)/12 + q/(-2).
2
Let l = 34 + -13. Let u be 277/(-9) - (-2)/(-9). Let a = 31 - u. What is the remainder when a is divided by l?
20
Suppose z - 3*d - 7 = 3, 0 = -z + d + 10. What is the remainder when 4 + 7/((-14)/(-30)) is divided by z?
9
Suppose 3*h - 6*h + 105 = 0. Let o = h - 16. Calculate the remainder when 55 is divided by o.
17
Suppose 19 + 20 = -3*j. Let h = 3 - 2. Calculate the remainder when 4 + -6 - j*h is divided by 4.
3
Let g = 23 + -20. Calculate the remainder when 8 is divided by g.
2
What is the remainder when 9 is divided by ((-6)/4)/((-2)/4)?
0
Let u(x) be the third derivative of -13*x**4/24 - x**3/2 - x**2. What is the remainder when u(-2) is divided by -2 + 3/(-6)*-28?
11
Suppose o + 11 = 32. What is the remainder when 62 is divided by o?
20
Suppose z = 35 - 8. Let n(j) = -10*j - 1. Let v be n(2). What is the remainder when z is divided by v*3/(27/(-6))?
13
Let f be 27/(-4) + (-3)/(-4). Suppose -2*h + 12 = -8. What is the remainder when (-8)/(-4)*(-57)/f is divided by h?
9
Suppose 3*b = -g + 14, 4*b + 0*b - 4*g = 40. Calculate the remainder when 22 is divided by b.
4
Let w = 16 - 5. Calculate the remainder when 54 is divided by w.
10
Let l be -10*(-5)/((-25)/4). Let x = -4 - l. What is the remainder when 11 is divided by x?
3
Let g(q) = -2*q + 1. Let k(a) = -a**3 + 5*a**2 + a - 7. Let j be k(5). Let p be g(j). Suppose p*t - 105 = 100. What is the remainder when t is divided by 14?
13
Let p = -2 - -9. What is the remainder when (-1)/(-1)*